{"id":1267,"date":"2025-04-28T20:02:11","date_gmt":"2025-04-28T20:02:11","guid":{"rendered":"https:\/\/jmserviciosintegrales.online\/?page_id=1267"},"modified":"2025-04-30T17:19:21","modified_gmt":"2025-04-30T17:19:21","slug":"servicio-de-tecnicos-en-puertas-automaticas","status":"publish","type":"page","link":"https:\/\/jmserviciosintegrales.online\/index.php\/servicio-de-tecnicos-en-puertas-automaticas\/","title":{"rendered":"Servicio de T\u00e9cnicos en Puertas Autom\u00e1ticas"},"content":{"rendered":"\t\t<div data-elementor-type=\"wp-page\" data-elementor-id=\"1267\" class=\"elementor elementor-1267\" data-elementor-post-type=\"page\">\n\t\t\t\t<div class=\"elementor-element elementor-element-64f2dd19 e-flex e-con-boxed wpr-particle-no wpr-jarallax-no wpr-parallax-no wpr-sticky-section-no e-con e-parent\" data-id=\"64f2dd19\" data-element_type=\"container\" data-settings=\"{&quot;background_background&quot;:&quot;classic&quot;}\">\n\t\t\t\t\t<div class=\"e-con-inner\">\n\t\t<div class=\"elementor-element elementor-element-6dea4142 e-con-full e-flex wpr-particle-no wpr-jarallax-no wpr-parallax-no wpr-sticky-section-no e-con e-child\" data-id=\"6dea4142\" data-element_type=\"container\">\n\t\t\t\t<div class=\"elementor-element elementor-element-4379dc88 elementor-widget elementor-widget-heading\" data-id=\"4379dc88\" data-element_type=\"widget\" data-widget_type=\"heading.default\">\n\t\t\t\t<div class=\"elementor-widget-container\">\n\t\t\t\t\t<h1 class=\"elementor-heading-title elementor-size-default\">Servicio de T\u00e9cnicos en Puertas Autom\u00e1ticas<\/h1>\t\t\t\t<\/div>\n\t\t\t\t<\/div>\n\t\t\t\t<div class=\"elementor-element elementor-element-1625b883 elementor-widget-divider--separator-type-pattern elementor-widget-divider--view-line elementor-widget elementor-widget-divider\" data-id=\"1625b883\" data-element_type=\"widget\" data-widget_type=\"divider.default\">\n\t\t\t\t<div class=\"elementor-widget-container\">\n\t\t\t\t\t\t\t<div class=\"elementor-divider\" style=\"--divider-pattern-url: url(&quot;data:image\/svg+xml,%3Csvg xmlns=&#039;http:\/\/www.w3.org\/2000\/svg&#039; preserveAspectRatio=&#039;none&#039; overflow=&#039;visible&#039; height=&#039;100%&#039; viewBox=&#039;0 0 20 16&#039; fill=&#039;none&#039; stroke=&#039;black&#039; stroke-width=&#039;2&#039; stroke-linecap=&#039;square&#039; stroke-miterlimit=&#039;10&#039;%3E%3Cg transform=&#039;translate(-12.000000, 0)&#039;%3E%3Cpath d=&#039;M28,0L10,18&#039;\/%3E%3Cpath d=&#039;M18,0L0,18&#039;\/%3E%3Cpath d=&#039;M48,0L30,18&#039;\/%3E%3Cpath d=&#039;M38,0L20,18&#039;\/%3E%3C\/g%3E%3C\/svg%3E&quot;);\">\n\t\t\t<span class=\"elementor-divider-separator\">\n\t\t\t\t\t\t<\/span>\n\t\t<\/div>\n\t\t\t\t\t\t<\/div>\n\t\t\t\t<\/div>\n\t\t\t\t<\/div>\n\t\t\t\t\t<\/div>\n\t\t\t\t<\/div>\n\t\t<div class=\"elementor-element elementor-element-234e9c4f e-flex e-con-boxed wpr-particle-no wpr-jarallax-no wpr-parallax-no wpr-sticky-section-no e-con e-parent\" data-id=\"234e9c4f\" data-element_type=\"container\">\n\t\t\t\t\t<div class=\"e-con-inner\">\n\t\t<div class=\"elementor-element elementor-element-6f7457ad e-flex e-con-boxed wpr-particle-no wpr-jarallax-no wpr-parallax-no wpr-sticky-section-no elementor-invisible e-con e-child\" data-id=\"6f7457ad\" data-element_type=\"container\" data-settings=\"{&quot;animation&quot;:&quot;slideInLeft&quot;}\">\n\t\t\t\t\t<div class=\"e-con-inner\">\n\t\t\t\t<div class=\"elementor-element elementor-element-174c9fe1 elementor-widget elementor-widget-image\" data-id=\"174c9fe1\" data-element_type=\"widget\" data-widget_type=\"image.default\">\n\t\t\t\t<div class=\"elementor-widget-container\">\n\t\t\t\t\t\t\t\t\t\t\t\t\t\t\t<img fetchpriority=\"high\" decoding=\"async\" width=\"675\" height=\"973\" src=\"https:\/\/jmserviciosintegrales.online\/wp-content\/uploads\/2025\/04\/PUERTAS.png\" class=\"elementor-animation-pulse-shrink attachment-full size-full wp-image-1247\" alt=\"\" srcset=\"https:\/\/jmserviciosintegrales.online\/wp-content\/uploads\/2025\/04\/PUERTAS.png 675w, https:\/\/jmserviciosintegrales.online\/wp-content\/uploads\/2025\/04\/PUERTAS-208x300.png 208w\" sizes=\"(max-width: 675px) 100vw, 675px\" \/>\t\t\t\t\t\t\t\t\t\t\t\t\t\t\t<\/div>\n\t\t\t\t<\/div>\n\t\t\t\t\t<\/div>\n\t\t\t\t<\/div>\n\t\t<div class=\"elementor-element elementor-element-5279becc e-flex e-con-boxed wpr-particle-no wpr-jarallax-no wpr-parallax-no wpr-sticky-section-no elementor-invisible e-con e-child\" data-id=\"5279becc\" data-element_type=\"container\" data-settings=\"{&quot;animation&quot;:&quot;slideInRight&quot;}\">\n\t\t\t\t\t<div class=\"e-con-inner\">\n\t\t\t\t<div class=\"elementor-element elementor-element-7f82a0d1 elementor-widget elementor-widget-heading\" data-id=\"7f82a0d1\" data-element_type=\"widget\" data-widget_type=\"heading.default\">\n\t\t\t\t<div class=\"elementor-widget-container\">\n\t\t\t\t\t<h2 class=\"elementor-heading-title elementor-size-default\">Servicio de T\u00e9cnicos en Puertas Autom\u00e1ticas<\/h2>\t\t\t\t<\/div>\n\t\t\t\t<\/div>\n\t\t\t\t<div class=\"elementor-element elementor-element-28f74657 elementor-widget elementor-widget-text-editor\" data-id=\"28f74657\" data-element_type=\"widget\" data-widget_type=\"text-editor.default\">\n\t\t\t\t<div class=\"elementor-widget-container\">\n\t\t\t\t\t\t\t\t\t<p class=\"\" data-start=\"186\" data-end=\"551\">En <strong data-start=\"189\" data-end=\"216\">JM Servicios Integrales<\/strong>, ofrecemos un servicio especializado de instalaci\u00f3n, mantenimiento y reparaci\u00f3n de <strong data-start=\"300\" data-end=\"323\">puertas autom\u00e1ticas<\/strong> para hogares, empresas, garajes, edificios y comercios. Contamos con t\u00e9cnicos altamente capacitados que manejan diferentes tipos de sistemas autom\u00e1ticos, como puertas corredizas, batientes, enrollables, levadizas y seccionales.<\/p><p class=\"\" data-start=\"553\" data-end=\"581\">Nuestros servicios incluyen:<\/p><ul data-start=\"583\" data-end=\"1354\"><li class=\"\" data-start=\"583\" data-end=\"754\"><p class=\"\" data-start=\"585\" data-end=\"754\"><strong data-start=\"585\" data-end=\"631\">Instalaci\u00f3n de puertas autom\u00e1ticas nuevas:<\/strong> asesoramos en la elecci\u00f3n del sistema m\u00e1s adecuado seg\u00fan el tipo de acceso, espacio disponible y necesidades de seguridad.<\/p><\/li><li class=\"\" data-start=\"755\" data-end=\"899\"><p class=\"\" data-start=\"757\" data-end=\"899\"><strong data-start=\"757\" data-end=\"786\">Mantenimiento preventivo:<\/strong> revisi\u00f3n peri\u00f3dica para asegurar el funcionamiento \u00f3ptimo, prolongar la vida \u00fatil del motor y de los mecanismos.<\/p><\/li><li class=\"\" data-start=\"900\" data-end=\"1059\"><p class=\"\" data-start=\"902\" data-end=\"1059\"><strong data-start=\"902\" data-end=\"929\">Reparaciones y ajustes:<\/strong> soluci\u00f3n r\u00e1pida a problemas de motores, sensores, controles remotos, sistemas de apertura\/cierre, bisagras o estructuras da\u00f1adas.<\/p><\/li><li class=\"\" data-start=\"1060\" data-end=\"1213\"><p class=\"\" data-start=\"1062\" data-end=\"1213\"><strong data-start=\"1062\" data-end=\"1112\">Automatizaci\u00f3n de puertas manuales existentes:<\/strong> adaptamos puertas tradicionales a sistemas autom\u00e1ticos modernos, mejorando la comodidad y seguridad.<\/p><\/li><li class=\"\" data-start=\"1214\" data-end=\"1354\"><p class=\"\" data-start=\"1216\" data-end=\"1354\"><strong data-start=\"1216\" data-end=\"1258\">Suministro de repuestos y componentes:<\/strong> trabajamos con piezas originales y de alta calidad para garantizar la durabilidad del servicio.<\/p><\/li><\/ul><p class=\"\" data-start=\"1356\" data-end=\"1490\">Nos enfocamos en brindar un trabajo r\u00e1pido, seguro y garantizado, con la mejor tecnolog\u00eda y atenci\u00f3n personalizada para cada proyecto.<\/p>\t\t\t\t\t\t\t\t<\/div>\n\t\t\t\t<\/div>\n\t\t\t\t<div class=\"elementor-element elementor-element-5c22589f wpr-button-icon-style-inline wpr-button-icon-position-right elementor-widget elementor-widget-wpr-button\" data-id=\"5c22589f\" data-element_type=\"widget\" data-widget_type=\"wpr-button.default\">\n\t\t\t\t<div class=\"elementor-widget-container\">\n\t\t\t\t\t\t\n\t\t\t\n\t\t\n\t\t<div class=\"wpr-button-wrap elementor-clearfix\">\n\t\t<a class=\"wpr-button wpr-button-effect wpr-button-none\" data-text=\"Go\" href=\"https:\/\/wa.link\/9zz59w\">\n\t\t\t\n\t\t\t<span class=\"wpr-button-content\">\n\t\t\t\t\t\t\t\t\t<span class=\"wpr-button-text\">CONT\u00c1CTANOS<\/span>\n\t\t\t\t\t\t\t\t\n\t\t\t\t\t\t\t\t\t<span class=\"wpr-button-icon\"><svg class=\"e-font-icon-svg e-fab-whatsapp\" viewBox=\"0 0 448 512\" xmlns=\"http:\/\/www.w3.org\/2000\/svg\"><path d=\"M380.9 97.1C339 55.1 283.2 32 223.9 32c-122.4 0-222 99.6-222 222 0 39.1 10.2 77.3 29.6 111L0 480l117.7-30.9c32.4 17.7 68.9 27 106.1 27h.1c122.3 0 224.1-99.6 224.1-222 0-59.3-25.2-115-67.1-157zm-157 341.6c-33.2 0-65.7-8.9-94-25.7l-6.7-4-69.8 18.3L72 359.2l-4.4-7c-18.5-29.4-28.2-63.3-28.2-98.2 0-101.7 82.8-184.5 184.6-184.5 49.3 0 95.6 19.2 130.4 54.1 34.8 34.9 56.2 81.2 56.1 130.5 0 101.8-84.9 184.6-186.6 184.6zm101.2-138.2c-5.5-2.8-32.8-16.2-37.9-18-5.1-1.9-8.8-2.8-12.5 2.8-3.7 5.6-14.3 18-17.6 21.8-3.2 3.7-6.5 4.2-12 1.4-32.6-16.3-54-29.1-75.5-66-5.7-9.8 5.7-9.1 16.3-30.3 1.8-3.7.9-6.9-.5-9.7-1.4-2.8-12.5-30.1-17.1-41.2-4.5-10.8-9.1-9.3-12.5-9.5-3.2-.2-6.9-.2-10.6-.2-3.7 0-9.7 1.4-14.8 6.9-5.1 5.6-19.4 19-19.4 46.3 0 27.3 19.9 53.7 22.6 57.4 2.8 3.7 39.1 59.7 94.8 83.8 35.2 15.2 49 16.5 66.6 13.9 10.7-1.6 32.8-13.4 37.4-26.4 4.6-13 4.6-24.1 3.2-26.4-1.3-2.5-5-3.9-10.5-6.6z\"><\/path><\/svg><\/span>\n\t\t\t\t\t\t\t<\/span>\n\t\t<\/a>\n\n\t\t\t\t<\/div>\n\t\n\t\n\t\t\t\t\t<\/div>\n\t\t\t\t<\/div>\n\t\t\t\t\t<\/div>\n\t\t\t\t<\/div>\n\t\t\t\t\t<\/div>\n\t\t\t\t<\/div>\n\t\t\t\t<\/div>\n\t\t","protected":false},"excerpt":{"rendered":"<p>Servicio de T\u00e9cnicos en Puertas Autom\u00e1ticas Servicio de T\u00e9cnicos en Puertas Autom\u00e1ticas En JM Servicios Integrales, ofrecemos un servicio especializado de instalaci\u00f3n, mantenimiento y reparaci\u00f3n de puertas autom\u00e1ticas para hogares, empresas, garajes, edificios y comercios. Contamos con t\u00e9cnicos altamente capacitados que manejan diferentes tipos de sistemas autom\u00e1ticos, como puertas corredizas, batientes, enrollables, levadizas y seccionales. Nuestros servicios incluyen: Instalaci\u00f3n de puertas autom\u00e1ticas nuevas: asesoramos en la elecci\u00f3n del sistema m\u00e1s adecuado seg\u00fan el tipo de acceso, espacio disponible y necesidades de seguridad. Mantenimiento preventivo: revisi\u00f3n peri\u00f3dica para asegurar el funcionamiento \u00f3ptimo, prolongar la vida \u00fatil del motor y de los mecanismos. Reparaciones y ajustes: soluci\u00f3n r\u00e1pida a problemas de motores, sensores, controles remotos, sistemas de apertura\/cierre, bisagras o estructuras da\u00f1adas. Automatizaci\u00f3n de puertas manuales existentes: adaptamos puertas tradicionales a sistemas autom\u00e1ticos modernos, mejorando la comodidad y seguridad. Suministro de repuestos y componentes: trabajamos con piezas originales y de alta calidad para garantizar la durabilidad del servicio. Nos enfocamos en brindar un trabajo r\u00e1pido, seguro y garantizado, con la mejor tecnolog\u00eda y atenci\u00f3n personalizada para cada proyecto. CONT\u00c1CTANOS<\/p>\n","protected":false},"author":1,"featured_media":0,"parent":0,"menu_order":0,"comment_status":"closed","ping_status":"closed","template":"","meta":{"_joinchat":[],"footnotes":""},"class_list":["post-1267","page","type-page","status-publish","hentry"],"_links":{"self":[{"href":"https:\/\/jmserviciosintegrales.online\/index.php\/wp-json\/wp\/v2\/pages\/1267","targetHints":{"allow":["GET"]}}],"collection":[{"href":"https:\/\/jmserviciosintegrales.online\/index.php\/wp-json\/wp\/v2\/pages"}],"about":[{"href":"https:\/\/jmserviciosintegrales.online\/index.php\/wp-json\/wp\/v2\/types\/page"}],"author":[{"embeddable":true,"href":"https:\/\/jmserviciosintegrales.online\/index.php\/wp-json\/wp\/v2\/users\/1"}],"replies":[{"embeddable":true,"href":"https:\/\/jmserviciosintegrales.online\/index.php\/wp-json\/wp\/v2\/comments?post=1267"}],"version-history":[{"count":16,"href":"https:\/\/jmserviciosintegrales.online\/index.php\/wp-json\/wp\/v2\/pages\/1267\/revisions"}],"predecessor-version":[{"id":1410,"href":"https:\/\/jmserviciosintegrales.online\/index.php\/wp-json\/wp\/v2\/pages\/1267\/revisions\/1410"}],"wp:attachment":[{"href":"https:\/\/jmserviciosintegrales.online\/index.php\/wp-json\/wp\/v2\/media?parent=1267"}],"curies":[{"name":"wp","href":"https:\/\/api.w.org\/{rel}","templated":true}]}}